What is the remainder when 193 is divided by 25?
18
What is the remainder when 124 is divided by 24?
4
Calculate the remainder when 92 is divided by 79.
13
What is the remainder when 490 is divided by 50?
40
What is the remainder when 1972 is divided by 171?
91
Calculate the remainder when 690 is divided by 4.
2
Calculate the remainder when 1719 is divided by 25.
19
What is the remainder when 242 is divided by 88?
66
What is the remainder when 54 is divided by 29?
25
Calculate the remainder when 887 is divided by 99.
95
What is the remainder when 94 is divided by 21?
10
What is the remainder when 72 is divided by 41?
31
Calculate the remainder when 966 is divided by 51.
48
What is the remainder when 425 is divided by 113?
86
Calculate the remainder when 1019 is divided by 73.
70
What is the remainder when 701 is divided by 88?
85
What is the remainder when 153 is divided by 39?
36
Calculate the remainder when 602 is divided by 23.
4
Calculate the remainder when 126 is divided by 126.
0
Calculate the remainder when 701 is divided by 247.
207
What is the remainder when 45 is divided by 11?
1
What is the remainder when 343 is divided by 146?
51
Calculate the remainder when 106 is divided by 57.
49
What is the remainder when 577 is divided by 58?
55
Calculate the remainder when 681 is divided by 340.
1
What is the remainder when 368 is divided by 4?
0
Calculate the remainder when 130 is divided by 46.
38
Calculate the remainder when 1246 is divided by 48.
46
Calculate the remainder when 279 is divided by 40.
39
Calculate the remainder when 3033 is divided by 46.
43
What is the remainder when 1661 is divided by 52?
49
What is the remainder when 120 is divided by 28?
8
What is the remainder when 834 is divided by 392?
50
What is the remainder when 467 is divided by 52?
51
Calculate the remainder when 204 is divided by 21.
15
Calculate the remainder when 296 is divided by 100.
96
What is the remainder when 13197 is divided by 44?
41
What is the remainder when 799 is divided by 9?
7
Calculate the remainder when 89 is divided by 5.
4
What is the remainder when 936 is divided by 134?
132
What is the remainder when 558 is divided by 35?
33
Calculate the remainder when 50 is divided by 40.
10
Calculate the remainder when 878 is divided by 207.
50
Calculate the remainder when 1926 is divided by 383.
11
What is the remainder when 2217 is divided by 11?
6
What is the remainder when 580 is divided by 153?
121
Calculate the remainder when 9476 is divided by 39.
38
Calculate the remainder when 484 is divided by 9.
7
What is the remainder when 4026 is divided by 29?
24
Calculate the remainder when 65 is divided by 41.
24
What is the remainder when 136 is divided by 31?
12
Calculate the remainder when 531 is divided by 84.
27
Calculate the remainder when 322 is divided by 4.
2
Calculate the remainder when 44 is divided by 9.
8
Calculate the remainder when 133 is divided by 7.
0
What is the remainder when 15 is divided by 11?
4
Calculate the remainder when 199 is divided by 73.
53
What is the remainder when 128 is divided by 68?
60
Calculate the remainder when 990 is divided by 123.
6
Calculate the remainder when 222 is divided by 80.
62
Calculate the remainder when 157 is divided by 58.
41
What is the remainder when 4248 is divided by 27?
9
Calculate the remainder when 505 is divided by 6.
1
What is the remainder when 42 is divided by 11?
9
Calculate the remainder when 72 is divided by 31.
10
What is the remainder when 448 is divided by 108?
16
What is the remainder when 324 is divided by 122?
80
What is the remainder when 183 is divided by 51?
30
Calculate the remainder when 54 is divided by 27.
0
Calculate the remainder when 534 is divided by 67.
65
Calculate the remainder when 8565 is divided by 24.
21
What is the remainder when 4627 is divided by 2309?
9
Calculate the remainder when 96 is divided by 21.
12
What is the remainder when 1860 is divided by 185?
10
Calculate the remainder when 497 is divided by 196.
105
What is the remainder when 4078 is divided by 20?
18
What is the remainder when 927 is divided by 325?
277
Calculate the remainder when 587 is divided by 16.
11
Calculate the remainder when 1044 is divided by 55.
54
What is the remainder when 2460 is divided by 88?
84
Calculate the remainder when 1697 is divided by 142.
135
Calculate the remainder when 101 is divided by 35.
31
Calculate the remainder when 409 is divided by 143.
123
Calculate the remainder when 566 is divided by 9.
8
What is the remainder when 7 is divided by 2?
1
Calculate the remainder when 347 is divided by 89.
80
Calculate the remainder when 211 is divided by 45.
31
Calculate the remainder when 155 is divided by 3.
2
Calculate the remainder when 113 is divided by 77.
36
What is the remainder when 61 is divided by 7?
5
What is the remainder when 204 is divided by 98?
8
Calculate the remainder when 693 is divided by 233.
227
What is the remainder when 167 is divided by 44?
35
What is the remainder when 56 is divided by 38?
18
What is the remainder when 110 is divided by 108?
2
What is the remainder when 30957 is divided by 15?
12
What is the remainder when 338 is divided by 21?
2
What is the remainder when 148 is divided by 39?
31
What is the remainder when 365 is divided by 46?
43
What is the remainder when 1084 is divided by 99?
94
What is the remainder when 101 is divided by 53?
48
What is the remainder when 4556 is divided by 228?
224
Calculate the remainder when 195 is divided by 33.
30
What is the remainder when 777 is divided by 19?
17
What is the remainder when 126 is divided by 26?
22
Calculate the remainder when 304 is divided by 63.
52
Calculate the remainder when 48 is divided by 15.
3
What is the remainder when 571 is divided by 16?
11
Calculate the remainder when 35 is divided by 7.
0
Calculate the remainder when 391 is divided by 23.
0
What is the remainder when 81 is divided by 5?
1
What is the remainder when 370 is divided by 190?
180
What is the remainder when 2021 is divided by 23?
20
Calculate the remainder when 2312 is divided by 5.
2
What is the remainder when 128 is divided by 36?
20
What is the remainder when 84 is divided by 18?
12
What is the remainder when 520 is divided by 274?
246
What is the remainder when 1605 is divided by 225?
30
What is the remainder when 221 is divided by 8?
5
Calculate the remainder when 1657 is divided by 111.
103
Calculate the remainder when 814 is divided by 137.
129
What is the remainder when 311 is divided by 13?
12
What is the remainder when 11566 is divided by 130?
126
Calculate the remainder when 795 is divided by 352.
91
Calculate the remainder when 67 is divided by 10.
7
Calculate the remainder when 5172 is divided by 28.
20
Calculate the remainder when 286 is divided by 58.
54
What is the remainder when 1675 is divided by 10?
5
What is the remainder when 92 is divided by 83?
9
What is the remainder when 1236 is divided by 59?
56
Calculate the remainder when 592 is divided by 295.
2
Calculate the remainder when 134 is divided by 39.
17
What is the remainder when 208 is divided by 35?
33
What is the remainder when 3056 is divided by 1018?
2
What is the remainder when 56 is divided by 2?
0
Calculate the remainder when 535 is divided by 109.
99
Calculate the remainder when 353 is divided by 120.
113
What is the remainder when 340 is divided by 91?
67
Calculate the remainder when 41 is divided by 23.
18
Calculate the remainder when 793 is divided by 14.
9
Calculate the remainder when 37 is divided by 1.
0
Calculate the remainder when 3333 is divided by 139.
136
Calculate the remainder when 1498 is divided by 496.
10
What is the remainder when 972 is divided by 307?
51
What is the remainder when 74 is divided by 19?
17
Calculate the remainder when 3038 is divided by 26.
22
Calculate the remainder when 2916 is divided by 139.
136
Calculate the remainder when 236 is divided by 7.
5
Calculate the remainder when 1879 is divided by 9.
7
What is the remainder when 593 is divided by 152?
137
What is the remainder when 6457 is divided by 190?
187
Calculate the remainder when 307 is divided by 154.
153
What is the remainder when 91 is divided by 23?
22
Calculate the remainder when 255 is divided by 43.
40
Calculate the remainder